ple of 62?
False
Is 24132 a multiple of 6?
True
Does 37 divide 296?
True
Is 52 a factor of 6957?
False
Is 3975 a multiple of 75?
True
Does 140 divide 29775?
False
Is 14 a factor of 5064?
False
Is 69 a factor of 17292?
False
Is 14 a factor of 7908?
False
Is 6 a factor of 115?
False
Does 2 divide 76?
True
Does 173 divide 12943?
False
Does 21 divide 53088?
True
Is 4 a factor of 462?
False
Is 15 a factor of 540?
True
Does 154 divide 10758?
False
Is 63 a factor of 15469?
False
Does 5 divide 236?
False
Is 25864 a multiple of 122?
True
Is 96 a factor of 8640?
True
Does 53 divide 742?
True
Is 726 a multiple of 33?
True
Is 12 a factor of 1980?
True
Does 10 divide 270?
True
Is 169 a factor of 58197?
False
Is 5 a factor of 1955?
True
Does 18 divide 911?
False
Does 68 divide 1224?
True
Does 52 divide 6138?
False
Does 12 divide 193?
False
Is 7 a factor of 868?
True
Does 66 divide 2244?
True
Does 70 divide 4616?
False
Is 231 a multiple of 21?
True
Does 41 divide 41858?
False
Does 28 divide 31136?
True
Does 28 divide 316?
False
Is 7526 a multiple of 53?
True
Does 31 divide 8587?
True
Does 3 divide 33?
True
Is 51542 a multiple of 85?
False
Is 10 a factor of 43000?
True
Does 12 divide 1336?
False
Is 38 a factor of 6998?
False
Is 8 a factor of 184?
True
Is 1744 a multiple of 4?
True
Is 6690 a multiple of 5?
True
Is 42 a factor of 1260?
True
Is 26 a factor of 8770?
False
Is 12633 a multiple of 6?
False
Does 22 divide 924?
True
Is 920 a multiple of 7?
False
Is 17 a factor of 13332?
False
Is 44 a factor of 1980?
True
Is 3 a factor of 3359?
False
Does 3 divide 76?
False
Does 17 divide 5542?
True
Does 7 divide 525?
True
Is 6846 a multiple of 21?
True
Is 13 a factor of 802?
False
Does 16 divide 1200?
True
Does 39 divide 7860?
False
Does 9 divide 51120?
True
Is 66464 a multiple of 248?
True
Does 22 divide 528?
True
Is 12 a factor of 120?
True
Is 3 a factor of 158?
False
Is 3 a factor of 870?
True
Does 51 divide 1831?
False
Is 43 a factor of 2782?
False
Is 6857 a multiple of 65?
False
Is 79 a factor of 83979?
False
Does 31 divide 33759?
True
Is 42197 a multiple of 13?
False
Does 11 divide 231?
True
Does 6 divide 426?
True
Does 7 divide 32431?
True
Does 10 divide 2560?
True
Is 144 a factor of 21037?
False
Does 13 divide 3440?
False
Is 296 a factor of 32620?
False
Is 1573 a multiple of 13?
True
Is 444 a multiple of 45?
False
Is 19 a factor of 1775?
False
Is 2982 a multiple of 142?
True
Is 38964 a multiple of 204?
True
Is 10 a factor of 10460?
True
Is 29 a factor of 232?
True
Does 12 divide 1904?
False
Is 660 a multiple of 20?
True
Does 10 divide 3221?
False
Is 4584 a multiple of 191?
True
Is 85428 a multiple of 42?
True
Does 2 divide 708?
True
Is 160 a multiple of 20?
True
Does 19 divide 190?
True
Is 519 a multiple of 7?
False
Does 61 divide 16043?
True
Is 255 a factor of 21292?
False
Is 1571 a multiple of 7?
False
Is 15 a factor of 7215?
True
Is 352 a multiple of 7?
False
Is 1077 a multiple of 10?
False
Is 17908 a multiple of 37?
True
Is 30870 a multiple of 83?
False
Does 49 divide 32879?
True
Is 72 a factor of 872?
False
Is 1053 a multiple of 46?
False
Is 35140 a multiple of 11?
False
Does 58 divide 23548?
True
Is 131 a factor of 15029?
False
Is 32 a factor of 19813?
False
Is 12 a factor of 324?
True
Is 5 a factor of 4080?
True
Is 133 a factor of 13082?
False
Does 19 divide 7758?
False
Does 5 divide 38775?
True
Is 59 a factor of 11407?
False
Does 10 divide 1394?
False
Is 75 a multiple of 11?
False
Does 15 divide 896?
False
Does 8 divide 463?
False
Is 14 a factor of 1783?
False
Is 1899 a multiple of 14?
False
Is 20 a factor of 2756?
False
Is 189 a factor of 46683?
True
Does 20 divide 1020?
True
Is 69 a factor of 2553?
True
Does 11 divide 55?
True
Does 12 divide 199?
False
Does 14 divide 102?
False
Does 45 divide 1395?
True
Is 31 a factor of 1490?
False
Is 2502 a multiple of 18?
True
Is 76 a multiple of 5?
False
Does 3 divide 4959?
True
Is 22446 a multiple of 58?
True
Is 13676 a multiple of 27?
False
Does 62 divide 868?
True
Is 533 a multiple of 19?
False
Does 409 divide 79741?
False
Is 1089 a multiple of 10?
False
Is 99 a factor of 6360?
False
Does 15 divide 1783?
False
Is 23 a factor of 30406?
True
Is 272 a multiple of 12?
False
Does 32 divide 25824?
True
Does 12 divide 151764?
True
Is 654 a multiple of 68?
False
Is 5 a factor of 580?
True
Is 86194 a multiple of 405?
False
Is 1845 a multiple of 45?
True
Is 1322 a multiple of 4?
False
Does 18 divide 954?
True
Does 51 divide 2601?
True
Is 12 a multiple of 6?
True
Is 191 a multiple of 16?
False
Does 73 divide 2847?
True
Is 12 a factor of 99?
False
Is 13333 a multiple of 67?
True
Is 3 a factor of 405?
True
Does 20 divide 240?
True
Does 20 divide 2150?
False
Does 23 divide 851?
True
Is 2 a factor of 42?
True
Is 22159 a multiple of 117?
False
Does 16 divide 6496?
True
Is 2580 a multiple of 20?
True
Does 46 divide 17158?
True
Does 16 divide 2800?
True
Is 651 a multiple of 7?
True
Is 7 a factor of 156?
False
Is 34 a factor of 4278?
False
Does 26 divide 4212?
True
Is 2000 a multiple of 20?
True
Does 123 divide 19557?
True
Does 14 divide 10836?
True
Is 11 a factor of 26829?
True
Is 35 a factor of 46?
False
Is 18682 a multiple of 12?
False
Is 24 a factor of 2551?
False
Is 101 a factor of 39563?
False
Is 40313 a multiple of 220?
False
Is 250 a multiple of 11?
False
Is 15 a factor of 5119?
False
Is 23 a factor of 56634?
False
Is 102 a multiple of 17?
True
Is 37504 a multiple of 16?
True
Is 120 a multiple of 15?
True
Is 447 a multiple of 10?
False
Does 21 divide 412?
False
Does 19 divide 209?
True
Is 14 a factor of 6846?
True
Is 24 a factor of 528?
True
Does 13 divide 583?
False
Is 40 a factor of 2678?
False
Is 23192 a multiple of 52?
True
Does 14 divide 896?
True
Is 1520 a multiple of 76?
True
Is 35 even?
False
Is 74059 a multiple of 14?
False
Does 37 divide 3919?
False
Is 31 a factor of 341?
True
Is 35 a factor of 5495?
True
Does 141 divide 60910?
False
Is 109 a multiple of 12?
False
Does 3 divide 396?
True
Is 20 a factor of 6000?
True
Is 2475 a multiple of 15?
True
Is 27524 a multiple of 28?
True
Is 5 a factor of 493?
False
Does 26 divide 676?
True
Is 119415 a multiple of 19?
True
Is 27 a factor of 27?
True
Does 18 divide 1818?
True
Is 14 a factor of 4270?
True
Is 81 a multiple of 81?
True
Does 2 divide 143?
False
Is 981 a multiple of 11?
False
Is 43 a multiple of 2?
False
Is 43 a factor of 39053?
False
Is 88 a factor of 1496?
True
Is 3 a factor of 3600?
True
Is 4938 a multiple of 243?
False
Is 16 a factor of 3616?
True
Is 4752 a multiple of 9?
True
Is 7 a factor of 2772?
True
Does 3 divide 5301?
True
Is 3137 a multiple of 105?
False
Is 15817 a multiple of 75?
False
Is 1850 a multiple of 50?
True
Is 13 a factor of 2193?
False
Is 12324 a multiple of 26?
True
Does 11 divide 4774?
True
Does 20 divide 12020?
True
Is 449 a multiple of 4?
False
Does 9 divide 421?
False
Is 14 a factor of 23142?
True
Is 30 a factor of 16680?
True
Is 1250 a multiple of 6?
False
Is 20936 a multiple of 49?
False
Does 12 divide 180?
True
Is 64 a factor of 64?
True
Does 9 divide 274?
False
Is 19 a factor of 37994?
False
Is 83 a factor of 1001?
False
Is 660 a multiple of 55?
True
Is 137 a factor of 1965?
False
Does 83 divide 3746?
False
Does 7 divide 132?
False
Is 69 a factor of 52716?
True
Is 228 a multiple of 38?
True
Does 21 divide 401?
False
Does 13 divide 484?
False
Does 83 divide 71131?
True
Does 2 divide 241?
False
Is 4 a factor of 41?
False
Is 19 a factor of 27166?
False
Is 90 a factor of 1170?
True
Is 14290 a multiple of 3?
False
Is 7 a factor of 408?
False
Is 417 a multiple of 15?
False
Does 77 divide 14630?
True
Is 10788 a multiple of 124?
True
Is 13 a factor of 1261?
True
Does 26 divide 2834?
True
Is 17 a factor of 1163?
False
Does 22 divide 4869?
False
Is 1953 a multiple of 5?
False
Is 9 a factor of 288?
True
Does 57 divide 2366?
False
Is 3 a factor of 861?
True
Is 1867 a multiple of 14?
False
Is 7939 a multiple of 206?
False
Is 14408 a multiple of 21?
False
Is 15 a factor of 92827?
False
Is 16 a factor of 75821?
False
Is 8 a factor of 916?
False
Does 36 divide 562?
False
Is 6 a factor of 2184?
True
Is 3 a factor of 324?
True
Does 46 divide 2944?
True
Is 2 a factor of 6079?
False
Is 17 a factor of 493?
True
Is 74 a factor of 8189?
False
Does 